 factors of 28927416.
2, 3, 7, 233, 739
What are the prime factors of 44546584?
2, 23, 242101
What are the prime factors of 1201987038?
2, 3, 7, 23, 1244293
What are the prime factors of 2471037833?
11, 224639803
List the prime factors of 6163645823.
23, 71, 53161
List the prime factors of 47775177.
3, 19, 37, 839
What are the prime factors of 2892588325?
5, 11, 29, 362707
List the prime factors of 148205873.
148205873
What are the prime factors of 94890478?
2, 47445239
List the prime factors of 2694651108.
2, 3, 83, 661, 4093
What are the prime factors of 92927932?
2, 127, 182929
What are the prime factors of 42474134?
2, 127, 167221
What are the prime factors of 35191211?
11, 19, 163, 1033
What are the prime factors of 1716070868?
2, 11897, 36061
List the prime factors of 167857283.
11, 15259753
What are the prime factors of 830283068?
2, 3691, 56237
What are the prime factors of 225507035?
5, 13, 521, 6659
List the prime factors of 73335757.
11, 41, 113, 1439
List the prime factors of 165128544.
2, 3, 7, 19, 479
List the prime factors of 559030910.
2, 5, 55903091
List the prime factors of 3944912711.
47, 83934313
List the prime factors of 141861688.
2, 17732711
List the prime factors of 1653576134.
2, 7, 118112581
What are the prime factors of 282150370?
2, 5, 28215037
List the prime factors of 28240037.
7, 71, 56821
List the prime factors of 1831309.
53, 109, 317
List the prime factors of 14452274.
2, 19, 37, 541
List the prime factors of 1292751379.
73, 17708923
List the prime factors of 424649334.
2, 3, 70774889
What are the prime factors of 61293038?
2, 30646519
What are the prime factors of 665418488?
2, 7, 17, 797, 877
List the prime factors of 356260794.
2, 3, 59376799
List the prime factors of 1640629992.
2, 3, 29, 59, 39953
What are the prime factors of 45975418?
2, 31, 347, 2137
What are the prime factors of 182561305?
5, 36512261
What are the prime factors of 1352599984?
2, 71, 353, 3373
List the prime factors of 197008412.
2, 709, 69467
What are the prime factors of 1362750878?
2, 1583, 430433
What are the prime factors of 12540700?
2, 5, 125407
What are the prime factors of 103529157?
3, 19, 1816301
What are the prime factors of 737546773?
23, 4583, 6997
What are the prime factors of 71055240?
2, 3, 5, 17, 61, 571
What are the prime factors of 44327172?
2, 3, 59, 137, 457
List the prime factors of 4549843718.
2, 7, 41, 263, 30139
List the prime factors of 7000682986.
2, 11, 719, 442577
List the prime factors of 76996124.
2, 379, 50789
What are the prime factors of 66709885?
5, 11, 1212907
List the prime factors of 812496635.
5, 5527, 29401
List the prime factors of 425260367.
7, 8678783
List the prime factors of 1006269405.
3, 5, 29, 547, 4229
List the prime factors of 1074732650.
2, 5, 641, 33533
What are the prime factors of 5211709990?
2, 5, 107, 1777, 2741
List the prime factors of 109341314.
2, 17, 19, 169259
List the prime factors of 268834233.
3, 1571, 57041
What are the prime factors of 206135470?
2, 5, 61, 181, 1867
What are the prime factors of 50859765?
3, 5, 11, 29, 1181
List the prime factors of 4073390167.
7, 11, 1693, 31247
What are the prime factors of 647934800?
2, 5, 1619837
List the prime factors of 352536980.
2, 5, 149, 281, 421
What are the prime factors of 305177633?
305177633
List the prime factors of 696878339.
43, 16206473
What are the prime factors of 403780721?
283, 683, 2089
List the prime factors of 1208873377.
1249, 967873
List the prime factors of 3656212904.
2, 79, 5785147
List the prime factors of 170997948.
2, 3, 11, 19, 22727
What are the prime factors of 2940481590?
2, 3, 5, 98016053
List the prime factors of 4180534156.
2, 2647, 394837
List the prime factors of 3689911.
3689911
What are the prime factors of 769267991?
19, 40487789
What are the prime factors of 10897287?
3, 3632429
List the prime factors of 59361592.
2, 7420199
List the prime factors of 76243117.
29, 2629073
List the prime factors of 131825658.
2, 3, 21970943
What are the prime factors of 305264899?
1063, 287173
List the prime factors of 92949749.
31, 409, 7331
What are the prime factors of 4546721277?
3, 7, 1433, 50363
List the prime factors of 18324901.
7, 1609, 1627
List the prime factors of 2220658117.
19, 67, 1744429
List the prime factors of 3619781.
11, 109, 3019
List the prime factors of 36387440.
2, 5, 454843
What are the prime factors of 60668644?
2, 593, 25577
What are the prime factors of 228389071?
228389071
List the prime factors of 158906442.
2, 3, 26484407
List the prime factors of 346061803.
2887, 119869
What are the prime factors of 203027866?
2, 31, 3274643
List the prime factors of 162851619.
3, 7, 17, 456167
What are the prime factors of 179966569?
587, 306587
What are the prime factors of 1014917858?
2, 83, 6113963
List the prime factors of 453126398.
2, 17, 197, 67651
List the prime factors of 30917123.
19, 85643
What are the prime factors of 6740250403?
20749, 324847
What are the prime factors of 2935475054?
2, 887, 1654721
List the prime factors of 54345916.
2, 1949, 6971
List the prime factors of 163455525.
3, 5, 726469
List the prime factors of 274744097.
241, 281, 4057
What are the prime factors of 283762892?
2, 7, 1049, 9661
List the prime factors of 8138451.
3, 643, 4219
What are the prime factors of 3592105095?
3, 5, 9587, 24979
List the prime factors of 865354218.
2, 3, 144225703
What are the prime factors of 1261032314?
2, 113, 5579789
What are the prime factors of 557876427?
3, 185958809
List the prime factors of 1652008011.
3, 31, 193, 2969
What are the prime factors of 43261617?
3, 7, 17, 121181
What are the prime factors of 24501706?
2, 12250853
What are the prime factors of 38949540?
2, 3, 5, 7, 92737
What are the prime factors of 1997369479?
7, 43, 661, 10039
List the prime factors of 5849862000.
2, 3, 5, 974977
What are the prime factors of 656871637?
653, 941, 1069
List the prime factors of 108195865.
5, 4547, 4759
What are the prime factors of 137933708?
2, 11, 521, 547
List the prime factors of 7558232.
2, 11, 85889
List the prime factors of 1272721972.
2, 103, 3089131
What are the prime factors of 512878?
2, 101, 2539
List the prime factors of 570042943.
197, 2893619
List the prime factors of 341243789.
13513, 25253
What are the prime factors of 55987945?
5, 13, 861353
List the prime factors of 15635475.
3, 5, 69491
List the prime factors of 602804646.
2, 3, 11163049
List the prime factors of 2487464513.
23, 108150631
What are the prime factors of 6257131854?
2, 3, 1042855309
What are the prime factors of 303448319?
303448319
What are the prime factors of 88075224?
2, 3, 97, 12611
What are the prime factors of 2103252633?
3, 19, 137, 89779
List the prime factors of 62842710.
2, 3, 5, 7, 17, 29, 607
What are the prime factors of 341165378?
2, 2437, 69997
List the prime factors of 1009291192.
2, 7, 13, 727, 1907
List the prime factors of 1186144531.
11, 13, 71, 116827
What are the prime factors of 309010999?
11, 163, 172343
What are the prime factors of 489683648?
2, 2297, 3331
List the prime factors of 160682042.
2, 5021, 16001
List the prime factors of 21323329.
419, 50891
What are the prime factors of 5080855131?
3, 11, 6373, 8053
What are the prime factors of 1622731025?
5, 64909241
List the prime factors of 26914877.
11, 222437
List the prime factors of 728011833.
3, 631, 384581
What are the prime factors of 392788108?
2, 98197027
List the prime factors of 1155372662.
2, 23, 25116797
What are the prime factors of 1063276104?
2, 3, 11, 37, 199, 547
List the prime factors of 42431761.
41, 73, 14177
What are the prime factors of 3311954111?
71, 46647241
List the prime factors of 67040480.
2, 5, 13, 167, 193
What are the prime factors of 4465241692?
2, 17, 65665319
What are the prime factors of 1010054858?
2, 19, 26580391
What are the prime factors of 12242726?
2, 19, 107, 3011
What are the prime factors of 179988814?
2, 89994407
What are the prime factors of 146262759?
3, 349, 139697
List the prime factors of 3978069.
3, 137, 9679
List the prime factors of 26770347.
3, 821, 3623
List the prime factors of 28581898.
2, 557, 25657
What are the prime factors of 704151767?
11, 64013797
What are the prime factors of 95481219?
3, 31827073
List the prime factors of 906446971.
5903, 153